Let w(m) = -m**3 - 9*m**2 - 2*m - 1. Let i(k) = -2*w(k) + 3*x(k). Is i(-7) a composite number?
False
Suppose 0 = -3*r - 3*g + 3, 22 = -4*r - r + 4*g. Let v be -4*2 + r + 4. Is v/(-27) - 61/(-9) a composite number?
False
Suppose m + 5*y - 4 = 7, -2*m + 36 = 3*y. Is (-6)/m - 18618/(-42) prime?
True
Let n(u) = 4 + 1 + u**3 - 4*u + 0 - u**2. Suppose 9*y = 7 + 29. Is n(y) a prime number?
True
Suppose -11*f + 7*f = -16, -3*f = -2*n - 20. Let a(h) = -5*h - 1 - 2*h**3 - 6*h**2 - h + 0*h. Is a(n) composite?
True
Let n(d) = d + 13. Let y be n(-9). Suppose -2*r - 237 = -3*p, 43 = p + y*r - 36. Is p a composite number?
False
Suppose f - 3*f - 5*l + 2581 = 0, -4*f - 5*l = -5147. Is f a composite number?
False
Let b(v) = 299*v**2 + 2*v + 1. Suppose -2*g = -4*h - 18, -3*g + 5*h - 2*h = -12. Is b(g) prime?
False
Is 251/((11 + -9)*1/2) a prime number?
True
Let z = -453 + 640. Is z composite?
True
Let j(i) = -69*i**3 - 2*i + 1. Is j(-2) a composite number?
False
Let d = 12 - 5. Suppose -3*j = -d*j + 140. Is j a composite number?
True
Is ((-444)/(-20))/(3/15) a composite number?
True
Suppose 3*v - 3*c - 636 = 0, -4*v - 4*c + 629 = -v. Is v a composite number?
False
Let b(o) = -4 + o**2 + 13*o**2 - o**3 - 4*o**2 + 0*o**3. Is b(7) composite?
True
Let h = 4 + 0. Suppose 5*k - k - 496 = 0. Suppose k = h*f - 0*f. Is f a composite number?
False
Let r = 428 + -51. Is r prime?
False
Suppose -m = -3*x - 147, 3*x = 2*m + 8*x - 316. Is (2 - (-3 - m))/2 a composite number?
False
Suppose m = -34 - 72. Let y = -17 - m. Is y a prime number?
True
Suppose 0 = -3*l - 2*h + 71 + 111, -178 = -3*l - h. Let j = l + 321. Is j composite?
False
Let o = -22 - -39. Suppose 0 = -t + o + 74. Is t a prime number?
False
Let o(j) = j - 7. Let x(s) = 2. Let h(q) = 3*o(q) + 8*x(q). Let d be h(-9). Let y = d + 63. Is y prime?
True
Let w(x) = x**3 + 71. Is w(0) composite?
False
Let f(h) = -h**2 - 2*h + 3. Let s be f(-3). Suppose 3*x = 3*m - 54, -5*m - 3*x - x + 135 = s. Is m a composite number?
False
Suppose -10*w = -6*w - 10888. Is w a prime number?
False
Let m = 4 + -4. Suppose m = -w + 25 + 95. Let c = -71 + w. Is c composite?
True
Let g(w) = w + 2. Let s be g(-1). Let c be 0 - (-1 + -2*s). Suppose -x + 0 = -4*z + 44, c*x - 55 = -5*z. Is z composite?
False
Let j(o) be the first derivative of -o**2/2 + 89*o + 1. Is j(0) composite?
False
Suppose 8 - 2 = -3*n. Is (n/6)/((-1)/762) composite?
True
Let s = 166 - 27. Suppose -15 = 2*l - s. Is l a composite number?
True
Suppose -5*t + 8 = -t. Suppose t*v + v + 3 = 0. Is (-9)/((v + 0)*1) prime?
False
Is (-534)/((-2)/(3 + -2)) a prime number?
False
Let t(w) be the second derivative of -4*w**3/3 - 11*w**2/2 - w. Suppose -16 - 2 = s - 5*l, -30 = 4*s + l. Is t(s) a prime number?
True
Let d(t) be the third derivative of -t**6/120 - t**5/20 + t**4/8 + 5*t**3/6 - 2*t**2. Let i(p) = p + 1. Let b be i(-5). Is d(b) a prime number?
False
Suppose 0 = 6*o - 3*o. Suppose o = -3*l - 4*f, -3*l + 4*f - f = 0. Suppose l = -2*p - 2*w + 124, p + 3*p - 243 = -5*w. Is p prime?
True
Suppose 29922 = -2*a + 8*a. Is a prime?
True
Let c(a) = 26*a**2 + 14*a - 37. Is c(8) prime?
False
Is (23008/5)/4 - (-6)/10 a composite number?
False
Let u(x) = x**2 - x + 53. Suppose b + 3*b + 2 = p, -2*p + 4 = -2*b. Let f be u(b). Is 5 + -1 + -2 + f prime?
False
Suppose 13882 = -18*d + 29*d. Is d a composite number?
True
Let y(i) = 4*i + 10. Let o be y(-4). Is (-2)/6 - 1148/o composite?
False
Let o(i) = -i**3 + 11*i**2 - 10*i - 12. Let c be o(10). Let b be 942*-1*6/c. Suppose -s - 2*s + 4*q = -b, 3*q - 492 = -3*s. Is s a composite number?
True
Let a be 9*5 + -2 + 0. Let y = 67 - a. Suppose -4*m - y = -80. Is m composite?
True
Let h(d) = 2*d**2 + 12*d + 27. Is h(14) prime?
True
Let x = -105 + 451. Is x composite?
True
Let v(y) = y - 2. Let x be v(-3). Let r(k) = -k**3 - 4*k**2 + 4*k - 1. Let p be r(x). Suppose 0 = -p*c - 8 + 84. Is c composite?
False
Let y(p) = p**2 + 10*p - 1. Suppose 9 = -2*v + v. Let j be y(v). Is (-6)/1*j/4 prime?
False
Let l(p) = -123*p + 1. Let o(m) = -246*m + 1. Let y(n) = -9*l(n) + 4*o(n). Is y(4) prime?
True
Let l be ((-4)/(-6))/(2/3). Let w be (0/(-2) + l)*17. Suppose -6 = k - w. Is k a composite number?
False
Let q = 3450 - 1483. Is q a composite number?
True
Let g(u) = u**2 - 4*u - 8. Let r be g(6). Let w = r + 0. Suppose -w*b + 155 = -3*b. Is b composite?
True
Is (7 + -9)*(-3163)/2 composite?
False
Let d = -3 - 1. Let f(z) = -z + 2. Let q be f(d). Suppose 0 = s - q*s + 65. Is s a composite number?
False
Let b(l) = -l**3 - 3*l**2 + 4. Let o be b(-3). Is (4 - o) + 87 + 2 prime?
True
Suppose -8*d + 3*d = 0. Is d - -1*(84 + -1) composite?
False
Suppose -v - 4 = 0, -3*k + 431 = -v + 160. Is k composite?
False
Let a = 260 + -57. Is a composite?
True
Let b = 8 - 10. Let g be 55/b*(-16)/20. Is (-1 - 13/(-2))*g composite?
True
Let q(a) = 1. Let f(h) = -h**3 + 6*h**2 - h + 5. Let r(y) = f(y) + 2*q(y). Let z be r(6). Is 3/z - 96/(-6) composite?
False
Let z(y) = 3*y - 4. Let q be z(6). Let c = q + -10. Is c composite?
True
Is 21494/44 + 1/2 prime?
False
Let a(u) = -u + 1. Let z be a(7). Let g = 8 + z. Is 346/4 + g/(-4) a composite number?
True
Let l be (-1 - -2)/((-2)/(-4)). Suppose -796 = -4*o + l*x, 6 + 14 = 5*x. Is o a composite number?
True
Let d(x) = 3*x**3 - 5*x**2 + 3*x + 8. Is d(9) prime?
False
Let v = -240 - -397. Is v prime?
True
Let m = -55 - -106. Suppose 4*v - 3*v - m = 0. Is v prime?
False
Let j = 3 + 0. Suppose 4 = 2*p - 4*t - 8, -5*p - j*t = -4. Is (-94)/(p + 0 - 4) a composite number?
False
Suppose 6*r - 7*r = -2. Suppose -r*h + 802 = 308. Is h a prime number?
False
Let c(x) = -x**2 - 8*x - 7. Let j be c(-5). Let r = -3 + j. Is -1*5/(r/(-38)) composite?
True
Suppose 215 - 882 = -2*t + v, -t - 3*v = -344. Suppose 3*m - t = -2*m. Is m a composite number?
False
Let c(g) = -2*g**3 - 3*g**2 + 5*g + 3. Let h be c(-3). Suppose l + h = 2*s + 3*s, l - s - 1 = 0. Is (-1 - -6)*2/l a prime number?
True
Let w(z) be the third derivative of -z**4/12 + 5*z**3/6 - 5*z**2. Is w(-5) prime?
False
Suppose -44 = -4*l - 3*u, -5*l + 3*u = -13 - 15. Let q(t) = 17*t - 10. Let x be q(l). Suppose -4*c + v = -x, -v - 23 = -c - 5*v. Is c prime?
True
Let k(n) = n**3 + 10*n**2 - 12*n - 19. Let z be k(-13). Is -1*(-5 - -4) - z a composite number?
True
Let c(m) = 2*m + 1. Let s be c(-1). Is 2/s + 133 - -2 a composite number?
True
Suppose 2*z - 13 = -2*z + k, 0 = 5*z - 2*k - 17. Let f = 40 + z. Is f prime?
True
Suppose -f = -0*f + 17. Let t = 69 + f. Let x = -37 + t. Is x a composite number?
True
Suppose 5*g + 0*g + 366 = 3*q, 390 = 3*q + 3*g. Is q a prime number?
True
Let t(b) = b**3 + b**2 + b. Let g be t(4). Suppose w = -3*w + g. Is w a prime number?
False
Let a(f) = 100*f**2 - f + 4. Is a(-3) prime?
True
Let a be (-4 - -1)/(-3) - -128. Let k = a + -40. Is k composite?
False
Suppose 3*h = 4 + 8. Let k(w) = -16*w**3 + 25*w**2 - 9*w - 26. Let a(x) = 3*x**3 - 5*x**2 + 2*x + 5. Let u(r) = 11*a(r) + 2*k(r). Is u(h) composite?
False
Let u be 6/(-7)*(5 - -2). Is 117/u*8/(-6) prime?
False
Let j(p) be the third derivative of 3*p**5/10 + p**4/24 + 4*p**2. Let v be j(-2). Suppose 0*u - 2*u = -v. Is u prime?
False
Let g(s) = s**2 + 7*s + 7. Let r be g(-7). Let q = r - 1. Is q a prime number?
False
Suppose 2*c - 5*c = 21. Let o(s) = s**3 + 7*s**2 - 3*s + 5. Is o(c) a composite number?
True
Let l(a) = 11*a**2 + 2. Is l(13) composite?
False
Let t(l) = 39*l**3 + l**2 + 1. Is t(2) a prime number?
True
Is -2*(3735/(-10) + -1) a composite number?
True
Suppose -3*c = -6 + 33. Is (-98)/(-4)*(-18)/c a prime number?
False
Let g(y) = 329*y. Let m be g(1). Suppose 208 = 3*i - m. Is i a composite number?
False
Let o be (4/5)/((-2)/(-5)). Let k be (4 + 0)*o/4. Is k/6 + 508/6 a prime number?
False
Is 1/((-2)/8) - -2 - -2769 a prime number?
True
Suppose 0 = -2*h - 1 + 7. Let c(b) = 3*b**3 - 3*b + 6 + 3*b**3 - 5*b**3 - h*b**2. Is c(4) a composite number?
True
Let x(r) = 11*r**3 + 2*r**2 - 2*r - 2. Let g be x(-2). Let y = 189 + g. Is y composite?
True
Let h = -5327 + 7698. Is h a prime number?
True
Let j be (-93)/(-15) + (-1)/5. Let x(c) = c**3 - 7*c**2 + 6*c + 5. Let a be x(j). Suppose a*g = 4*s - 155, -3*g + 4*g = -3*s + 102. Is s a prime number?
False
Let o(v) be the second derivative of v**3/3 + 6*v**2 - 2*v. Is o(1